uppose -4*n = 16*n + 120. What are the prime factors of o(n)?
157
Let x be (0 + -4)*(0 - -1). Let m be (-4 + 12/3)/x. Suppose 3*s + m*s = 84. List the prime factors of s.
2, 7
Let w be -2 - (-1 + -3) - 2. Suppose w = n + n - 22. Let h = n + 1. What are the prime factors of h?
2, 3
Suppose 0 = -2*l + 5*l - 126. Suppose 0 = -4*w - 5*z + 370, w - 3*z - 42 = l. List the prime factors of w.
2, 3, 5
Suppose 4*y = -5*i + 6*y + 1089, -3*i + 3*y = -657. Suppose 6*q = -i + 811. List the prime factors of q.
3, 11
Let h(p) = 8*p**2 + p - 1. Let r be (6/(-8))/(8/32). Let n be h(r). Suppose -2*c = -n - 22. What are the prime factors of c?
3, 5
Let j = 1537 + -1033. List the prime factors of j.
2, 3, 7
Let y(b) be the first derivative of 9*b**2/2 - 11*b - 34. List the prime factors of y(2).
7
Suppose 0 = 27*p - 23*p - 3256. What are the prime factors of p?
2, 11, 37
Let j(v) = v + 6. Let a be j(-6). Suppose -4*w + 5*f - 17 = 0, -11*w - 4*f = -16*w - 10. Suppose w*d + 86 - 220 = a. What are the prime factors of d?
67
What are the prime factors of 101400/240*(-26)/(-5)?
13
Let b = 1673 + -134. List the prime factors of b.
3, 19
Let t be (-2)/(-6) - 1837/(-33). Let s = -20 + t. What are the prime factors of s?
2, 3
Let t = 255 - 60. List the prime factors of t.
3, 5, 13
Suppose 0 = 2*l + 23 - 1. Let w = -15 + 39. Let m = l + w. List the prime factors of m.
13
Suppose t + 3 = -4*v + 5*v, -5*v + 15 = t. Suppose t*o + o = 1. List the prime factors of ((-9)/(-12))/(o/16).
2, 3
Let c = -63 + 91. Suppose -2*r = -144 - c. List the prime factors of r.
2, 43
Let h be (-7 - -8)*(-2 - (-12)/3). List the prime factors of ((-11)/(-33))/(-3*h/(-198)).
11
Let r(w) = -4*w**2 + 13*w + 23. Let y(v) = -21*v**2 + 66*v + 116. Let i(h) = -11*r(h) + 2*y(h). What are the prime factors of i(10)?
3, 23
List the prime factors of (0 - 2)*(-2 - 3268/8).
821
Let r(h) be the third derivative of 5*h**4/12 + h**3/3 + 2*h**2. Let d be r(7). Let w = d + -50. List the prime factors of w.
2, 11
Let i be 1 - (67 - 2/(-1)). Suppose 0 = -21*s + 51*s - 3240. Let l = i + s. What are the prime factors of l?
2, 5
Let x = -2 - -7. Suppose -4*d - x*n - 5 = 0, n = 4*d - 4*n - 5. Suppose -2*t - 4*r + 50 = d, 41 = t - 0*r - 2*r. What are the prime factors of t?
3, 11
Let o be -2 + 3*28/12. Let s be (5/(-2))/((-8)/(-32)). What are the prime factors of ((-71)/2)/(o/s)?
71
Let f = -16 - -342. Suppose -p + 298 = 2*p + 2*n, -5*n - f = -3*p. What are the prime factors of p?
2, 3, 17
Suppose 0*k = 10*k - 810. Let c = 139 - k. What are the prime factors of c?
2, 29
Suppose 3*p = p - 10. Let z(r) be the first derivative of 2*r**3/3 + 5*r**2/2 + 2*r - 43. What are the prime factors of z(p)?
3
Let l(g) = -g**2 + 13*g + 2. Let p = 31 - 18. Let m be l(p). Suppose -m*a + 4 = -a. What are the prime factors of a?
2
Let s = 5713 + -1504. List the prime factors of s.
3, 23, 61
Let b(l) = -l**3 - 12*l**2 + 13*l + 3. What are the prime factors of b(-14)?
3, 71
Let s = 75 - -60. List the prime factors of s.
3, 5
Let w = -3115 + 6107. What are the prime factors of w?
2, 11, 17
Suppose -2*j + 0*j = -32. Let q be (-6)/(-9) - j/6. What are the prime factors of -2*(-2)/q*-2?
2
Suppose 5*m = 3*b - 1714 + 366, 3*m - 3 = 0. What are the prime factors of b?
11, 41
Suppose -2*p = 558 - 1098. List the prime factors of p.
2, 3, 5
Suppose -57 = 6*i - 9*i. Suppose i + 365 = 4*d. Suppose v = 5*v - d. List the prime factors of v.
2, 3
Suppose 0 = 3*g - 0*g + 15, b - 3*g = 9. Let k be ((-40)/24)/((-1)/b). Let q = k + 16. What are the prime factors of q?
2, 3
Suppose 0 = -2*i + i - 4*p + 121, -5*p - 15 = 0. Suppose -3*d = 9, g - d - i = -0*d. List the prime factors of g.
2, 5, 13
Suppose 2*r = 5*r + 2*h - 104, -5*r - 5*h + 180 = 0. Let d = 87 - r. List the prime factors of d.
5, 11
Suppose 26*n = 376 + 2302. List the prime factors of n.
103
Let n = -9 - -12. Let o be -1*6/n - -4. What are the prime factors of 23 + -6 - 2/o?
2
Suppose -b + 6*b - 5 = 0. Let c = 34 - b. Suppose -67 = -5*q + c. List the prime factors of q.
2, 5
Let t(q) = -8*q**2 - 7 - 2*q**3 - 4*q + q**3 - 2*q. Let f be (2 + (-7)/2)/((-18)/(-96)). List the prime factors of t(f).
41
What are the prime factors of (3830/40)/1 - 3/4?
5, 19
Let x(l) = l**3 + 16*l**2 + 22*l - 11. Let u be x(-15). What are the prime factors of 18/(-63) + u/(-14)?
2
Suppose 184*f = 193*f - 24291. List the prime factors of f.
2699
Let o be (2 - (-3 + 4)) + -21. Let t = o + 5. What are the prime factors of 5/t*-9 + 58?
61
Suppose -4*o = 163 - 531. List the prime factors of o.
2, 23
Let b be 72 + 2/(-5)*(-10)/4. Suppose p = -t + b, p - 3*t = -4*p + 325. List the prime factors of p.
2, 17
Let i(v) be the third derivative of v**6/120 + 2*v**5/5 + 26*v**3/3 + 23*v**2. List the prime factors of i(-24).
2, 13
Let g(z) = 6 - 33*z + 1 + 2*z**2 + 16*z. List the prime factors of g(11).
2, 31
Let u(h) = -6*h - 3. Let j(i) = 11*i + 7. Let a(w) = 4*j(w) + 9*u(w). Let c be a(-3). Let p = c + -17. List the prime factors of p.
2, 7
Let n = 50 + 1037. What are the prime factors of n?
1087
Let l = 27 + -17. Suppose l*g - 162 = 7*g. What are the prime factors of g?
2, 3
Suppose 6*z + 5*w + 2 = 5*z, 0 = -5*z + 2*w + 17. What are the prime factors of z/((-6)/(-8)) + 121 + -10?
5, 23
Let l(j) = j**3 + 14*j**2 + 14*j + 1. Let m be l(-13). Let q = -11 - m. What are the prime factors of 13*(q - 0) + 0?
13
Let x(d) = -d**3 - 3*d**2 - 2*d + 1. Let u be x(-2). Let a = u - -7. Suppose 0 = 2*c - 6*c + a. What are the prime factors of c?
2
Let t(x) = -164*x**3 - 2*x**2 - 5*x + 2. List the prime factors of t(-2).
2, 7, 47
Suppose 0 = y + 2*o - 492, -y + 4*o + o = -464. List the prime factors of y.
2, 11
Let f(v) = -v + 1. Let l be f(3). Let a(s) be the third derivative of s**5/30 + s**4/12 - s**3/3 + 2*s**2 - 7*s. What are the prime factors of a(l)?
2
Let x(s) = -s + 1. Let a be x(2). Suppose -3 = -n, -5*c + 0*n + 14 = 3*n. What are the prime factors of (a + (c - -1))*3?
3
Suppose 4*c - 15 = 3*p - 0*p, -p + 3 = 0. Suppose -r + 5*r - 82 = v, -3*v = -c. List the prime factors of r.
3, 7
Let j be 4 - 0 - 1/((-3)/159). Let w = -18 + j. What are the prime factors of w?
3, 13
Suppose -z + 0*f - 5 = 5*f, 3 = -z - 3*f. Suppose 5*r = 5*h + 170, -2*r - r + 2*h + 107 = z. What are the prime factors of r?
3, 13
Suppose 2*z = -2*a + 1498, -4*a + 4*z = 380 - 3384. What are the prime factors of a?
2, 3, 5
Suppose 0 = -7*p + 638 + 2743. What are the prime factors of p?
3, 7, 23
Let u(d) = -5*d**3 - 10*d**2 + d - 9. What are the prime factors of u(-5)?
19
Let x = 54 - -168. What are the prime factors of x?
2, 3, 37
Let x be (188/6)/((-3)/(-990)). Let d be (-1)/6 - x/(-120). Let l = d + -48. List the prime factors of l.
2, 19
Let h(x) = 16*x**2 + 35*x - 7. What are the prime factors of h(5)?
2, 71
Let k(w) = -w**3 - 2*w**2 + 10*w + 20. What are the prime factors of k(-6)?
2, 13
Suppose 0*o = -3*o + 12. Suppose 6*w = o*w + 40. What are the prime factors of w?
2, 5
Suppose 14*m + 296 = 18*m. Let w = m - 64. What are the prime factors of w?
2, 5
Let b = 631 - 366. What are the prime factors of b?
5, 53
Let c = -182 - -623. List the prime factors of c.
3, 7
Suppose -5*j + 3*a + 3282 = -15969, -4*a + 15388 = 4*j. What are the prime factors of j?
3, 1283
Let l = -1139 - -1205. What are the prime factors of l?
2, 3, 11
Let d be (2 + 0)/(18/(-27)). Let i(h) = -17*h - 8. What are the prime factors of i(d)?
43
Let q be (-14)/(-4)*24/7. Suppose 2 = 2*o - q. Let d = 2 + o. List the prime factors of d.
3
Suppose 2*g + 2*x - 4522 = 3*x, x + 11302 = 5*g. What are the prime factors of g?
2, 5, 113
Let z(t) = -t**3 + 7*t**2 - 7*t + 6. Let x(p) = -p**2 - 6*p + 2. Let w be x(-5). Suppose w*m - 30 = m. What are the prime factors of z(m)?
3, 7
Let i(z) = -z**2 + 7*z + 1. Let b be i(7). Suppose 0 = 4*t - 3*w - 97, b = -w + 2. What are the prime factors of t?
5
Let a(r) be the third derivative of -r**4/3 + 7*r**3/2 - 15*r**2. What are the prime factors of a(-3)?
3, 5
List the prime factors of 19/(228/24)*671.
2, 11, 61
Suppose -x + 2*x + 12 = -4*s, -5*x + 5*s - 10 = 0. What are the prime factors of 62 - 0/(4/x)?
2, 31
Let i = 19 - 9. List the prime factors of (i - -3) + (-3)/(-3).
2, 7
Let k(l) = 6*l**2 - 10*l + 14. Let n(d) = 5*d**2 - 10*d + 14. Let q(u) = 4*k(u) - 5*n(u). Le